. Let a = 17462 - l. Is a composite?
False
Let t(q) = 209*q + 6. Suppose 4*a + 36 = 4*v, 12*a - 17*a - 6 = -2*v. Is t(v) composite?
True
Let d = 1093 + 643. Suppose 5*k = -m + 1776, 0 = -m + 15*k - 12*k + d. Is m prime?
False
Let y = -13626 + 112525. Is y prime?
True
Let a = 5273 - -674. Let b = a - 3426. Is b a prime number?
True
Let k = 1 - 12. Let v(l) = l - 10. Let p be v(-12). Is (5 - 10657/k) + (-4)/p prime?
False
Let y = -918 + 920. Suppose -5*p = 4*i - 19851, -2727 = -y*p + 5*i + 5187. Is p composite?
False
Let z = -140244 - -414115. Is z prime?
False
Suppose -27 + 19 = 4*x. Is 14071/8 - 1/16*x prime?
True
Let y(l) = 514*l**3 - 21*l**2 - 49*l + 317. Is y(6) composite?
False
Let w be ((30/(-24))/(-1))/(4/32). Let j(a) = 13*a**3 - 7*a**2 - 23*a - 15. Is j(w) a prime number?
False
Let h be (-24)/14 - 2/7. Let q be -1 - ((0/(-5))/3 + -3). Is (-5)/q - (-1)/h - -920 a prime number?
False
Suppose -i + 3*r = -27, i + 0*r - 17 = -2*r. Let a be (3/i - (-88)/(-28)) + 203. Suppose -5*h - 3*p + 1036 = 0, -h + 4*p + a = -21. Is h a composite number?
True
Suppose -5*m + 19*x - 21*x + 1413145 = 0, 4*m + 4*x - 1130516 = 0. Is m a prime number?
False
Suppose -2*m + x - 10 = -3*m, -4*m + 5*x = -22. Suppose 0 = -5*z - 33 + m, -4*s = -4*z - 1704. Let c = s - -90. Is c composite?
True
Suppose 0 = -2*d - 2*x + 53114, -3*x + 106232 = d + 3*d. Is d a prime number?
True
Suppose -2*z - 2*t = -4, t + 18 = -6*z + 9*z. Suppose 0 = x + 3 - 8, 3437 = 2*p - z*x. Is p composite?
True
Let r(o) be the third derivative of o**5/60 - 5*o**3/3 - 20*o**2. Let m be r(4). Is (((-2480)/6)/(-4))/(4/m) a composite number?
True
Suppose 174*x = 83808603 - 41401876 + 62509879. Is x composite?
True
Let q(g) = 3*g**3 - 4*g**2 + 25*g + 17. Let m(d) = -3*d**3 + 3*d**2 - 24*d - 17. Let u(n) = -6*m(n) - 5*q(n). Is u(13) a prime number?
True
Let k(v) = 295*v**3 - 15*v**2 + 29*v - 236. Is k(9) a prime number?
False
Is (-3 + 40/8)/(36/6228126) a prime number?
False
Suppose 7549*g - 4534830 = 7531*g. Is g composite?
True
Suppose 136905 = 4*h - i, 61292 = 2*h + 3*i - 7143. Let y = h + -23048. Is y a composite number?
False
Let g be (2/4)/(5/48830). Suppose 0 = -5*a - h + g, 4887 = 7*a - 2*a - h. Let j = a - 690. Is j composite?
True
Let v(n) = 2*n + 14. Let t be v(-6). Suppose 4*a + 1349 - 4884 = -3*y, t*a + 3*y - 1763 = 0. Is a composite?
True
Is (26/8 - 4)*(-13187276)/93 composite?
False
Let k be (4 + 16)/(6/3). Suppose -5*d = -6*h + 2*h + 1572, 4*h - 4*d - 1568 = 0. Is -4 - (h/6)/(k/(-15)) a prime number?
False
Let z(j) be the third derivative of 7*j**6/60 + j**5/60 + j**4/12 - 5*j**3/6 - 17*j**2. Let f be z(4). Let u = 1714 - f. Is u a composite number?
True
Let z = 333 - 331. Suppose -815 = -3*p + z*p. Is p a prime number?
False
Suppose 167048 = 3*s + 4*w, 4*s + 8*w - 4*w = 222732. Is s/(-2)*(117/(-13))/18 a prime number?
True
Suppose -401*g + 222*g + 35938009 = 0. Is g a composite number?
False
Suppose -28*v - 13*v = -27593. Is v a prime number?
True
Let m(l) = 2*l**3 + l + 20. Let z be m(0). Let r = z + 1246. Suppose 5*j = -3*g + r + 29, 2*j = -2*g + 518. Is j a composite number?
True
Let g(l) = -7383*l**3 + 16*l + 39. Is g(-2) composite?
True
Let z(w) = 43*w + 10. Let x be -11 + 1/(-4 + 5). Let p be z(x). Let y = p - -727. Is y a composite number?
False
Let k = 4511 + 27306. Let t = k - 21046. Is t a prime number?
True
Is ((-2)/19 - (-970)/190)*498138/30 a prime number?
True
Let h be (26/4)/(-4*4/(-32)). Let s(a) = a**2 - 14*a + 9. Let w be s(h). Let l(x) = -101*x + 7. Is l(w) a prime number?
False
Suppose 3*i + 6*o - 215397 = 0, 0 = 2*i - 857*o + 860*o - 143602. Is i a prime number?
True
Is -4 + -11 + 209490/15 a prime number?
False
Let b(x) = 2*x**2 + 4*x - 12. Let q be b(2). Suppose -j + 22073 = q*j - 4*h, 5*h + 4402 = j. Is j a composite number?
True
Suppose 5*z - 34 = -3*w - 2, w = -4*z + 27. Suppose -4262 = -z*k + 27035. Is k prime?
False
Let s = 50 - 49. Let v be (0 + s)/(2/(-2330)*-5). Let y = v + 138. Is y a composite number?
True
Suppose 0 = h - 2*h + 5. Suppose h + 23 = 7*w. Suppose 3*z - z = 3*a + 740, w*a - 1873 = -5*z. Is z a composite number?
False
Let d = -211 + -41. Let y be 2/(-13) + d/(-117). Suppose 4*v = -5*f + 963, -y*f + v + 372 = -4*v. Is f a composite number?
False
Let q be -4 - (1/(-3))/((-4)/(-36)). Let z be (-1)/3 - (q + 14/(-6)). Suppose -d = z*d - 636. Is d composite?
True
Suppose a - 7 = -4*i - 1, -5*i + a = -12. Suppose -i*g + 858 + 5140 = 0. Is g a prime number?
True
Let l be (-2)/11 - (-49792)/(-88). Let n = l + 332. Is -3 - n - 4/(-1) prime?
False
Is (-5277975)/60*88/(-110) composite?
False
Let m = -247 + 249. Suppose 0 = -4*w - s + m*s + 22461, -5*s - 11235 = -2*w. Is w prime?
False
Let t(u) = -2*u**3 - 3*u**2 + 7*u - 4. Let s be t(-6). Let g be ((-27)/(-5))/(48/10 + (-33 - -28)). Let a = s + g. Is a prime?
True
Let i = -12 - -56. Suppose -28 = 4*j - i. Suppose k = 4*q + 613, 0 = -3*k - 0*k - j*q + 1839. Is k prime?
True
Let t = -25380 - -41026. Suppose -5*j = -4*h - 39157, -4*h + t = -j + 3*j. Is j a prime number?
True
Let a(d) be the first derivative of 13*d**2 - 3*d - 2. Let r(h) = 8*h + 29. Let o be r(-3). Is a(o) a composite number?
False
Let w be 685 - (28/4 - 4). Let i = 58 + w. Suppose 327 + i = g. Is g a composite number?
True
Let u be (-4)/(316/80 - 4). Suppose -20 = -5*s + 30. Is (-2)/(8/s)*(-82528)/u composite?
False
Suppose -3 + 9 = -2*i. Let b be -3 - 1 - 48/i. Is (4/b)/(1/363) prime?
False
Let x(p) = -8*p**3 + 19*p**2 + 23*p + 7. Let s(t) = -17*t**3 + 39*t**2 + 47*t + 13. Let i(v) = 6*s(v) - 13*x(v). Is i(17) prime?
False
Is 933749/8 - (-648)/1728 composite?
False
Is (107026 + 0)/((-39)/(312/(-16))) a prime number?
False
Let d = 505 + -354. Let n = d + 340. Is n a composite number?
False
Let y(x) = -17470*x + 2. Suppose -4*c + 2*f = -f + 4, 4*f = -4*c - 4. Let b be y(c). Is b/98 + 4/(-14) a composite number?
True
Let r(s) = 1223*s**2 - 5*s - 12. Let u be r(5). Let g = -11847 + u. Is g composite?
False
Suppose 0 = 2*z - 4*u - 950, 4*z - u - 1354 = 553. Suppose 538 = -3*s - 4*q - 1242, 2972 = -5*s - 4*q. Let d = z - s. Is d a prime number?
False
Let d = -118 - -1305. Suppose 8 = 2*n, -2*n - d - 2590 = -5*l. Is l a composite number?
False
Let c(k) = 21 - 7 - 27 - 1825*k. Is c(-2) a prime number?
True
Let t = 90 + -86. Suppose 5682 = 3*b - 3*m, 2*b + 0*b - t*m - 3790 = 0. Suppose b = -19*z + 22*z. Is z prime?
True
Let k be 78/9 - 50/30. Suppose k*v - 6801 = 1984. Is v a composite number?
True
Suppose 599*b - 603*b - 3*m + 994 = 0, -2*b + m = -512. Is b a composite number?
True
Let t be (1 - 1)*6/12. Suppose -5*n + 4*r + t*r + 3151 = 0, -2*n - 4*r = -1266. Is n a composite number?
False
Suppose 5*t + 3 = -2. Suppose 3*s = -2*b - 162 - 135, -4*b + 3*s = 549. Is 1 - (-1 + t) - (b + -5) composite?
False
Let f = -49599 - -117750. Let b be f/(-3) - (-3 + 0 - -3). Let v = -13898 - b. Is v a composite number?
False
Let m = -34 + 85. Let w = 54 - m. Suppose 0 = -w*i - 4*n + 905, -9 - 11 = -4*n. Is i a composite number?
True
Let p(c) = 1298*c + 191. Let a be p(20). Suppose 3*u - 4*t = 15665, -14*u + 4*t = -19*u + a. Is u a composite number?
False
Let m(d) be the second derivative of -d**5/20 + d**3/3 + 5257*d**2/2 + 10*d + 3. Is m(0) composite?
True
Let b be 108/30 - (-6)/15. Let y(p) = -p**3 + 5*p**2 + 2*p + 2. Let g be y(b). Suppose g*a - 23*a - 705 = 0. Is a composite?
True
Suppose 68*s = 72*s - 8. Suppose -5*m + 22559 = 2*a, 2*a - a - s = 0. Is m composite?
True
Let w(u) = 208*u + 22. Let l be w(-13). Let n = l + 3823. Suppose o + 3413 = 3*b - 0*o, 2*o + n = b. Is b prime?
False
Let h(v) = 6988*v + 63. Let l be h(2). Let a = l - 6588. Is a a composite number?
False
Suppose 2*c - 135034 = -3*z - 8262, 63342 = c - 4*z. Is c composite?
True
Let m(r) = r**3 + 2*r**2 - r. Let k be m(1). Suppose 0 = j + 2*d - k, -d = 3*j + 5 - 6. Let y(i) = -2*i + 58. Is y(j) prime?
False
Let w(z) = 2*z**2 + 26*z - 47. Let r be w(16). Let s = r - 394. Is s composite?
False
Let o(a) = 4*a - 17. Let m be o(5). Let y(q) be the second derivative of q**4/2 - 2*q**3/3 + 7*q**2/2 - 8*q. Is y(m) composite?
True
Suppose 0 = -51*q + 2170806 + 3089997. Is q a composite number?
True
Let k(z) = 9893*z**2 - 169*z - 7. Is k(-4) composite?
True
Let h = 37088 - 26213. Suppose 0 = 